{"id":19,"date":"2024-11-27T15:47:02","date_gmt":"2024-11-27T15:47:02","guid":{"rendered":"https:\/\/projektwoche25.publicraft.ch\/?page_id=19"},"modified":"2025-02-06T09:14:43","modified_gmt":"2025-02-06T09:14:43","slug":"vortrag-3","status":"publish","type":"page","link":"https:\/\/projektwoche25.publicraft.ch\/?page_id=19","title":{"rendered":"Geschichte von La Spezia"},"content":{"rendered":"\n<figure class=\"wp-block-image size-full\"><img loading=\"lazy\" decoding=\"async\" width=\"800\" height=\"571\" src=\"https:\/\/projektwoche25.publicraft.ch\/wp-content\/uploads\/2025\/02\/Italian_Photographer_-_Italy_Golfe_de_la_Spezia_Portovenere_bw_photo_-_MeisterDrucke-940295.jpg\" alt=\"\" class=\"wp-image-121\" srcset=\"https:\/\/projektwoche25.publicraft.ch\/wp-content\/uploads\/2025\/02\/Italian_Photographer_-_Italy_Golfe_de_la_Spezia_Portovenere_bw_photo_-_MeisterDrucke-940295.jpg 800w, https:\/\/projektwoche25.publicraft.ch\/wp-content\/uploads\/2025\/02\/Italian_Photographer_-_Italy_Golfe_de_la_Spezia_Portovenere_bw_photo_-_MeisterDrucke-940295-300x214.jpg 300w, https:\/\/projektwoche25.publicraft.ch\/wp-content\/uploads\/2025\/02\/Italian_Photographer_-_Italy_Golfe_de_la_Spezia_Portovenere_bw_photo_-_MeisterDrucke-940295-768x548.jpg 768w\" sizes=\"auto, (max-width: 800px) 100vw, 800px\" \/><\/figure>\n\n\n\n<hr class=\"wp-block-separator has-alpha-channel-opacity\"\/>\n\n\n\n<p class=\"has-white-background-color has-background\"><span style=\"font-size: 12pt; white-space: normal; font-family: Aptos, sans-serif;\"><strong><em>3300v. Chr.+<\/em><\/strong> Das La Spezia bereits in pr\u00e4historischer Zeit besiedelt worden ist, best\u00e4tigen arch\u00e4ologische Funde, die aus der Bronze und der Eisenzeit stammen. <\/span>(1)<\/p>\n\n\n\n<p class=\"has-black-color has-white-background-color has-text-color has-background has-link-color wp-elements-c5e159a43f6a2f6ce40bb273ac344f41\"><strong><em>800v. Chr.+<\/em><\/strong>&nbsp;La Spezia war urspr\u00fcnglich ein Fischerdorf, aber eine der wichtigsten r\u00f6mischen Siedlungen der Antike. Man fand auf Ausgrabungsst\u00e4tten Keramiken, Amphoren und \u00dcberreste r\u00f6mischen Villen, die heute noch im lokalen Museum Castello San Giorgio besichtigt werden k\u00f6nnen.&nbsp;(3)<\/p>\n\n\n\n<p><strong><em>1656<\/em><\/strong> Durch die Malaria-Epidemie 1656 wurde la Spezia schwer in Mitleidenschaft gezogen.&nbsp;(6)<span style=\"font-family: -webkit-standard; font-size: medium; white-space: normal;\"><\/span><\/p>\n\n\n\n<p><strong><em>1799-1815<\/em><\/strong> Im Verlauf der Geschichte wurde die Stadt unter der Herrschaft Napoleons und zahlreichen weiteren Eroberern des Imperialismus zu einem wichtigen St\u00fctzpunkt zur \u00dcberwachung des Meeresraumes. Bis zum Niedergang des Franz\u00f6sischen Reiches geh\u00f6rte La Spezia Frankreich an und wurde 1815 Teil des K\u00f6nigreiches Piemont (Italien). Man errichtete eine Schutzmauer gegen Feinde im ersten Weltkrieg. (6)<\/p>\n\n\n\n<p>Heute beherbergt sie das Hauptquartiert der Marine.&nbsp;(1)<\/p>\n\n\n\n<p><strong><em>1914+<\/em><\/strong> Nach dem ersten Weltkrieg wurde La Spezia milit\u00e4risch eingerichtet und gegen erneute Angriffe ger\u00fcstet. Eine Eisenbahnlinie, neue Strassen und ein Kanalnetz wurden errichtet, um die Historische Stadt mit dem Rest der Welt zu vernetzten und zu einem wichtigen Handelsst\u00fctzpunkt zu machen. (6)<\/p>\n\n\n\n<p><strong><em>1939+<\/em><\/strong> La Spezia wurde im zweiten Weltkrieg von den Alliierten angegriffen (Frankreich, Russland, England) und grosse Teile davon zerst\u00f6rt. Einige urspr\u00fcngliche Elemente wie der ber\u00fchmte Glockenturm sind erhalten geblieben. Viele Geb\u00e4ude wurden neu errichtet. Die Bev\u00f6lkerungszahl errichte ihren h\u00f6chsten Punkt mit 125&#8217;000 Einwohnern, bis heute nimmt diese ab. (2)<\/p>\n\n\n\n<p><strong><em>1940+ <\/em><\/strong>Die Menschen lebten bis ins 20. Jahrhundert vom Fang von Thunfischen, der Fischerei im Allgemeinen, Wein-, Zitronen- und Olivenanbau. Ab den 40er Jahren wurde La Spezia zunehmend touristisch besucht. Man machte Profit damit, Bootfahrten auf dem Golf und F\u00fchrungen in der Kulturlandschaft Cinque Terre anzubieten. Organisationen riefen weitere Touristenattraktionen ins Leben. Heute stellt der Tourismus den wichtigsten Wirtschaftszweig und haupts\u00e4chliche Einnahmequelle in La Spezia dar.&nbsp;(4) (5)<\/p>\n\n\n\n<hr class=\"wp-block-separator has-alpha-channel-opacity\"\/>\n\n\n\n<p><strong>Textquellen<\/strong><\/p>\n\n\n\n<p class=\"has-vivid-cyan-blue-color has-text-color has-link-color wp-elements-07acec447297518148d2536b7f327487\"><a href=\"https:\/\/www.neleilic.ch\/travel\/italien\/la-spezia\/\">https:\/\/www.neleilic.ch\/travel\/italien\/la-spezia\/<\/a>&nbsp;(1)<\/p>\n\n\n\n<p class=\"has-vivid-cyan-blue-color has-text-color has-link-color wp-elements-4f33c5dff674098556863a1e7d91ecb4\"><a href=\"https:\/\/www.lust-auf-italien.com\/reise\/ligurien\/la-spezia\/la-spezia-geschichte\/\">https:\/\/www.lust-auf-italien.com\/reise\/ligurien\/la-spezia\/la-spezia-geschichte\/<\/a>&nbsp;(2)<\/p>\n\n\n\n<p class=\"has-vivid-cyan-blue-color has-text-color has-link-color wp-elements-bc443cd4084bc5cd27c0ea94098a22c3\"><a href=\"https:\/\/www.urlaub-ligurien.de\/Orte\/La_Spezia.php%20(3)\">https:\/\/www.urlaub-ligurien.de\/Orte\/La_Spezia.php<\/a>&nbsp;(3)<\/p>\n\n\n\n<p class=\"has-vivid-cyan-blue-color has-text-color has-link-color wp-elements-1bb5bfb93cbba6fc69991b95b455f9c9\"><a href=\"https:\/\/www.navigazionegolfodeipoeti.it\/de\/geschichte\">https:\/\/www.navigazionegolfodeipoeti.it\/de\/geschichte<\/a>&nbsp;(4)<\/p>\n\n\n\n<p class=\"has-vivid-cyan-blue-color has-text-color has-link-color wp-elements-d5a73ee6f1d6c4a682a40f670ef0cb76\"><a href=\"https:\/\/www.cinqueterre.it\/de\/die-cinque-terre\/geschichte\/\">https:\/\/www.cinqueterre.it\/de\/die-cinque-terre\/geschichte\/<\/a>&nbsp;(5)<\/p>\n\n\n\n<p class=\"has-vivid-cyan-blue-color has-text-color has-link-color wp-elements-b73e71d8c269aad1867efae1a3345af2\"><a href=\"https:\/\/de.wikipedia.org\/wiki\/La_Spezia\">https:\/\/de.wikipedia.org\/wiki\/La_Spezia<\/a>&nbsp;(6)<\/p>\n\n\n\n<p><strong>Bildquellen&nbsp;<\/strong><\/p>\n\n\n\n<p class=\"has-vivid-cyan-blue-color has-text-color has-link-color wp-elements-da7e8a51891df4624b16da9cce24b211\"><a href=\"https:\/\/www.meisterdrucke.ie\/fine-art-prints\/Italian-Photographer\/940295\/Italy:-Golfe-de-la-Spezia,-Portovenere.html\">https:\/\/www.meisterdrucke.ie\/fine-art-prints\/Italian-Photographer\/940295\/Italy:-Golfe-de-la-Spezia,-Portovenere.html<\/a>&nbsp;(Titelbild)&nbsp;<\/p>\n\n\n\n<div class=\"wp-block-file\"><a href=\"https:\/\/projektwoche25.publicraft.ch\/wp-content\/uploads\/2025\/02\/Textquellen-1.docx\" class=\"wp-block-file__button wp-element-button\" download><\/a><\/div>\n\n\n\n<p><\/p>\n","protected":false},"excerpt":{"rendered":"<p>3300v. Chr.+ Das La Spezia bereits in pr\u00e4historischer Zeit besiedelt worden ist, best\u00e4tigen arch\u00e4ologische Funde, die aus der Bronze und der Eisenzeit stammen. (1) 800v. Chr.+&nbsp;La Spezia war urspr\u00fcnglich ein Fischerdorf, aber eine der wichtigsten r\u00f6mischen Siedlungen der Antike. Man fand auf Ausgrabungsst\u00e4tten Keramiken, Amphoren und \u00dcberreste r\u00f6mischen Villen, die heute noch im lokalen Museum [&hellip;]<\/p>\n","protected":false},"author":6,"featured_media":0,"parent":13,"menu_order":0,"comment_status":"closed","ping_status":"closed","template":"","meta":{"footnotes":""},"class_list":["post-19","page","type-page","status-publish","hentry"],"yoast_head":"<!-- This site is optimized with the Yoast SEO plugin v26.9 - https:\/\/yoast.com\/product\/yoast-seo-wordpress\/ -->\n<title>Geschichte von La Spezia - Projektwoche 25<\/title>\n<meta name=\"robots\" content=\"noindex, follow, max-snippet:-1, max-image-preview:large, max-video-preview:-1\" \/>\n<meta property=\"og:locale\" content=\"de_DE\" \/>\n<meta property=\"og:type\" content=\"article\" \/>\n<meta property=\"og:title\" content=\"Geschichte von La Spezia - Projektwoche 25\" \/>\n<meta property=\"og:description\" content=\"3300v. Chr.+ Das La Spezia bereits in pr\u00e4historischer Zeit besiedelt worden ist, best\u00e4tigen arch\u00e4ologische Funde, die aus der Bronze und der Eisenzeit stammen. (1) 800v. Chr.+&nbsp;La Spezia war urspr\u00fcnglich ein Fischerdorf, aber eine der wichtigsten r\u00f6mischen Siedlungen der Antike. Man fand auf Ausgrabungsst\u00e4tten Keramiken, Amphoren und \u00dcberreste r\u00f6mischen Villen, die heute noch im lokalen Museum [&hellip;]\" \/>\n<meta property=\"og:url\" content=\"https:\/\/projektwoche25.publicraft.ch\/?page_id=19\" \/>\n<meta property=\"og:site_name\" content=\"Projektwoche 25\" \/>\n<meta property=\"article:modified_time\" content=\"2025-02-06T09:14:43+00:00\" \/>\n<meta property=\"og:image\" content=\"https:\/\/projektwoche25.publicraft.ch\/wp-content\/uploads\/2025\/02\/Italian_Photographer_-_Italy_Golfe_de_la_Spezia_Portovenere_bw_photo_-_MeisterDrucke-940295.jpg\" \/>\n\t<meta property=\"og:image:width\" content=\"800\" \/>\n\t<meta property=\"og:image:height\" content=\"571\" \/>\n\t<meta property=\"og:image:type\" content=\"image\/jpeg\" \/>\n<meta name=\"twitter:card\" content=\"summary_large_image\" \/>\n<meta name=\"twitter:label1\" content=\"Gesch\u00e4tzte Lesezeit\" \/>\n\t<meta name=\"twitter:data1\" content=\"2\u00a0Minuten\" \/>\n<script type=\"application\/ld+json\" class=\"yoast-schema-graph\">{\"@context\":\"https:\/\/schema.org\",\"@graph\":[{\"@type\":\"WebPage\",\"@id\":\"https:\/\/projektwoche25.publicraft.ch\/?page_id=19\",\"url\":\"https:\/\/projektwoche25.publicraft.ch\/?page_id=19\",\"name\":\"Geschichte von La Spezia - Projektwoche 25\",\"isPartOf\":{\"@id\":\"https:\/\/projektwoche25.publicraft.ch\/#website\"},\"primaryImageOfPage\":{\"@id\":\"https:\/\/projektwoche25.publicraft.ch\/?page_id=19#primaryimage\"},\"image\":{\"@id\":\"https:\/\/projektwoche25.publicraft.ch\/?page_id=19#primaryimage\"},\"thumbnailUrl\":\"https:\/\/projektwoche25.publicraft.ch\/wp-content\/uploads\/2025\/02\/Italian_Photographer_-_Italy_Golfe_de_la_Spezia_Portovenere_bw_photo_-_MeisterDrucke-940295.jpg\",\"datePublished\":\"2024-11-27T15:47:02+00:00\",\"dateModified\":\"2025-02-06T09:14:43+00:00\",\"breadcrumb\":{\"@id\":\"https:\/\/projektwoche25.publicraft.ch\/?page_id=19#breadcrumb\"},\"inLanguage\":\"de\",\"potentialAction\":[{\"@type\":\"ReadAction\",\"target\":[\"https:\/\/projektwoche25.publicraft.ch\/?page_id=19\"]}]},{\"@type\":\"ImageObject\",\"inLanguage\":\"de\",\"@id\":\"https:\/\/projektwoche25.publicraft.ch\/?page_id=19#primaryimage\",\"url\":\"https:\/\/projektwoche25.publicraft.ch\/wp-content\/uploads\/2025\/02\/Italian_Photographer_-_Italy_Golfe_de_la_Spezia_Portovenere_bw_photo_-_MeisterDrucke-940295.jpg\",\"contentUrl\":\"https:\/\/projektwoche25.publicraft.ch\/wp-content\/uploads\/2025\/02\/Italian_Photographer_-_Italy_Golfe_de_la_Spezia_Portovenere_bw_photo_-_MeisterDrucke-940295.jpg\",\"width\":800,\"height\":571},{\"@type\":\"BreadcrumbList\",\"@id\":\"https:\/\/projektwoche25.publicraft.ch\/?page_id=19#breadcrumb\",\"itemListElement\":[{\"@type\":\"ListItem\",\"position\":1,\"name\":\"Startseite\",\"item\":\"https:\/\/projektwoche25.publicraft.ch\/\"},{\"@type\":\"ListItem\",\"position\":2,\"name\":\"Vortr\u00e4ge\",\"item\":\"https:\/\/projektwoche25.publicraft.ch\/?page_id=13\"},{\"@type\":\"ListItem\",\"position\":3,\"name\":\"Geschichte von La Spezia\"}]},{\"@type\":\"WebSite\",\"@id\":\"https:\/\/projektwoche25.publicraft.ch\/#website\",\"url\":\"https:\/\/projektwoche25.publicraft.ch\/\",\"name\":\"Projektwoche 25\",\"description\":\"Schwerpunktfach Biologie und Chemie\",\"potentialAction\":[{\"@type\":\"SearchAction\",\"target\":{\"@type\":\"EntryPoint\",\"urlTemplate\":\"https:\/\/projektwoche25.publicraft.ch\/?s={search_term_string}\"},\"query-input\":{\"@type\":\"PropertyValueSpecification\",\"valueRequired\":true,\"valueName\":\"search_term_string\"}}],\"inLanguage\":\"de\"}]}<\/script>\n<!-- \/ Yoast SEO plugin. -->","yoast_head_json":{"title":"Geschichte von La Spezia - Projektwoche 25","robots":{"index":"noindex","follow":"follow","max-snippet":"max-snippet:-1","max-image-preview":"max-image-preview:large","max-video-preview":"max-video-preview:-1"},"og_locale":"de_DE","og_type":"article","og_title":"Geschichte von La Spezia - Projektwoche 25","og_description":"3300v. Chr.+ Das La Spezia bereits in pr\u00e4historischer Zeit besiedelt worden ist, best\u00e4tigen arch\u00e4ologische Funde, die aus der Bronze und der Eisenzeit stammen. (1) 800v. Chr.+&nbsp;La Spezia war urspr\u00fcnglich ein Fischerdorf, aber eine der wichtigsten r\u00f6mischen Siedlungen der Antike. Man fand auf Ausgrabungsst\u00e4tten Keramiken, Amphoren und \u00dcberreste r\u00f6mischen Villen, die heute noch im lokalen Museum [&hellip;]","og_url":"https:\/\/projektwoche25.publicraft.ch\/?page_id=19","og_site_name":"Projektwoche 25","article_modified_time":"2025-02-06T09:14:43+00:00","og_image":[{"width":800,"height":571,"url":"https:\/\/projektwoche25.publicraft.ch\/wp-content\/uploads\/2025\/02\/Italian_Photographer_-_Italy_Golfe_de_la_Spezia_Portovenere_bw_photo_-_MeisterDrucke-940295.jpg","type":"image\/jpeg"}],"twitter_card":"summary_large_image","twitter_misc":{"Gesch\u00e4tzte Lesezeit":"2\u00a0Minuten"},"schema":{"@context":"https:\/\/schema.org","@graph":[{"@type":"WebPage","@id":"https:\/\/projektwoche25.publicraft.ch\/?page_id=19","url":"https:\/\/projektwoche25.publicraft.ch\/?page_id=19","name":"Geschichte von La Spezia - Projektwoche 25","isPartOf":{"@id":"https:\/\/projektwoche25.publicraft.ch\/#website"},"primaryImageOfPage":{"@id":"https:\/\/projektwoche25.publicraft.ch\/?page_id=19#primaryimage"},"image":{"@id":"https:\/\/projektwoche25.publicraft.ch\/?page_id=19#primaryimage"},"thumbnailUrl":"https:\/\/projektwoche25.publicraft.ch\/wp-content\/uploads\/2025\/02\/Italian_Photographer_-_Italy_Golfe_de_la_Spezia_Portovenere_bw_photo_-_MeisterDrucke-940295.jpg","datePublished":"2024-11-27T15:47:02+00:00","dateModified":"2025-02-06T09:14:43+00:00","breadcrumb":{"@id":"https:\/\/projektwoche25.publicraft.ch\/?page_id=19#breadcrumb"},"inLanguage":"de","potentialAction":[{"@type":"ReadAction","target":["https:\/\/projektwoche25.publicraft.ch\/?page_id=19"]}]},{"@type":"ImageObject","inLanguage":"de","@id":"https:\/\/projektwoche25.publicraft.ch\/?page_id=19#primaryimage","url":"https:\/\/projektwoche25.publicraft.ch\/wp-content\/uploads\/2025\/02\/Italian_Photographer_-_Italy_Golfe_de_la_Spezia_Portovenere_bw_photo_-_MeisterDrucke-940295.jpg","contentUrl":"https:\/\/projektwoche25.publicraft.ch\/wp-content\/uploads\/2025\/02\/Italian_Photographer_-_Italy_Golfe_de_la_Spezia_Portovenere_bw_photo_-_MeisterDrucke-940295.jpg","width":800,"height":571},{"@type":"BreadcrumbList","@id":"https:\/\/projektwoche25.publicraft.ch\/?page_id=19#breadcrumb","itemListElement":[{"@type":"ListItem","position":1,"name":"Startseite","item":"https:\/\/projektwoche25.publicraft.ch\/"},{"@type":"ListItem","position":2,"name":"Vortr\u00e4ge","item":"https:\/\/projektwoche25.publicraft.ch\/?page_id=13"},{"@type":"ListItem","position":3,"name":"Geschichte von La Spezia"}]},{"@type":"WebSite","@id":"https:\/\/projektwoche25.publicraft.ch\/#website","url":"https:\/\/projektwoche25.publicraft.ch\/","name":"Projektwoche 25","description":"Schwerpunktfach Biologie und Chemie","potentialAction":[{"@type":"SearchAction","target":{"@type":"EntryPoint","urlTemplate":"https:\/\/projektwoche25.publicraft.ch\/?s={search_term_string}"},"query-input":{"@type":"PropertyValueSpecification","valueRequired":true,"valueName":"search_term_string"}}],"inLanguage":"de"}]}},"_links":{"self":[{"href":"https:\/\/projektwoche25.publicraft.ch\/index.php?rest_route=\/wp\/v2\/pages\/19","targetHints":{"allow":["GET"]}}],"collection":[{"href":"https:\/\/projektwoche25.publicraft.ch\/index.php?rest_route=\/wp\/v2\/pages"}],"about":[{"href":"https:\/\/projektwoche25.publicraft.ch\/index.php?rest_route=\/wp\/v2\/types\/page"}],"author":[{"embeddable":true,"href":"https:\/\/projektwoche25.publicraft.ch\/index.php?rest_route=\/wp\/v2\/users\/6"}],"replies":[{"embeddable":true,"href":"https:\/\/projektwoche25.publicraft.ch\/index.php?rest_route=%2Fwp%2Fv2%2Fcomments&post=19"}],"version-history":[{"count":13,"href":"https:\/\/projektwoche25.publicraft.ch\/index.php?rest_route=\/wp\/v2\/pages\/19\/revisions"}],"predecessor-version":[{"id":204,"href":"https:\/\/projektwoche25.publicraft.ch\/index.php?rest_route=\/wp\/v2\/pages\/19\/revisions\/204"}],"up":[{"embeddable":true,"href":"https:\/\/projektwoche25.publicraft.ch\/index.php?rest_route=\/wp\/v2\/pages\/13"}],"wp:attachment":[{"href":"https:\/\/projektwoche25.publicraft.ch\/index.php?rest_route=%2Fwp%2Fv2%2Fmedia&parent=19"}],"curies":[{"name":"wp","href":"https:\/\/api.w.org\/{rel}","templated":true}]}}