{"id":21,"date":"2024-11-27T15:47:20","date_gmt":"2024-11-27T15:47:20","guid":{"rendered":"https:\/\/projektwoche25.publicraft.ch\/?page_id=21"},"modified":"2025-05-25T00:11:42","modified_gmt":"2025-05-25T00:11:42","slug":"vortrag-4","status":"publish","type":"page","link":"https:\/\/projektwoche25.publicraft.ch\/?page_id=21","title":{"rendered":"Das Litoral und seine Meeres-Flora und Meeres-Fauna"},"content":{"rendered":"\n<p><strong>Was ist das Litoral?<\/strong><\/p>\n\n\n\n<p>Das Litoral umfasst die Grenze zwischen einem Gew\u00e4sser und Land. Es umfasst alles, was bei Flut durchn\u00e4sst ist und wo noch die Lichtstrahlen der Sonne den Boden ber\u00fchren. Hier treffen Lebewesen aus Wasser und Land aufeinander und erschaffen eine grosse Vielfalt.&nbsp;<\/p>\n\n\n\n<p><strong>Der Nationalpark Cinque Terre<\/strong><\/p>\n\n\n\n<p>Der kleinste Nationalpark Italiens erstreckt sich \u00fcber 28,6 Quadratkilometer. Er liegt am ligurischen Meer. Viele Steilk\u00fcsten sind dort zu finden, die vielen Tieren und Pflanzen eine Lebensgrundlage bietet. Der Park ist auch ein UNESCO-Weltkulturerbe. Dies bedeutet, dass er von sch\u00e4dlichen Eingriffen von aussen (wie dem Bau von H\u00e4usern) gesch\u00fctzt ist.<\/p>\n\n\n\n<p><strong>5 spezielle Meeresflora Arten<\/strong><\/p>\n\n\n\n<ol class=\"wp-block-list\">\n<li><strong>Neptungras (Posidonia oceanica)<\/strong><\/li>\n<\/ol>\n\n\n\n<ol class=\"wp-block-list\">\n<li><\/li>\n<\/ol>\n\n\n\n<p>Neptungrass ist eine Seegrasart des Mittelmeers. Kommen viele Pflanzen zusammen bildet sich ein Teppich, dieser stabilisiert den Meeresboden und bietet auch durch die Sauerstoffproduktion ein Heim f\u00fcr viele andere Tiere an.&nbsp;<\/p>\n\n\n\n\n\n<p><strong>2. Braunalge (Ericaria amentacea)<\/strong><\/p>\n\n\n\n<p>Die Braunalge hat ihr Zuhause in felsigen Bereichen des Litorals. Sie ist Nahrung aber auch Lebensraum vieler Meerestiere.<\/p>\n\n\n\n\n\n<p><strong>3. Currykraut (Helichrysum italicum)<\/strong><\/p>\n\n\n\n<p>W\u00e4chst an vielen verschiedenen Orten, doch am Litoral hilft es, die Vegetation der K\u00fcste zu sch\u00fctzen. Sie Zeichnen auch sehr oft das&nbsp;&nbsp;Landschaftsbild mit ihren knallgelben Bl\u00fcten.&nbsp;<\/p>\n\n\n\n\n\n\n\n<p><strong>4. Meerfenchel (Crithmum maritimum)<\/strong><\/p>\n\n\n\n<p>Der Merfenchel ist sich salzige Umweltumst\u00e4nde gew\u00f6hnt. Er ist ein Wohnort f\u00fcr Insekten und verhindert obendrein noch Erosion.&nbsp;<\/p>\n\n\n\n\n\n<p><strong>5. Zystenseira&nbsp;(cystoseira spp.)<\/strong><\/p>\n\n\n\n<p>Auch eine Braunalgengattung. Sie hilft dem Tierreich, indem sie manchen Vertretern als Schutz und Nahrung dient. Durch sie w\u00e4chst die Biodiversit\u00e4t.<\/p>\n\n\n\n\n\n\n\n<p><strong>5 Spezielle Meeresfauna Arten\u00a0<\/strong><\/p>\n\n\n\n<p>Die Gew\u00e4sser der Cinque Terre sind reich an verschiedenen Tierarten. Hier sind f\u00fcnf Beispiele:&nbsp;<\/p>\n\n\n\n<p>1.<strong>Silberm\u00f6we<\/strong>\u00a0<\/p>\n\n\n\n<ol class=\"wp-block-list\"><\/ol>\n\n\n\n<p>Die Silberm\u00f6we ist eine in den Cinque Terre h\u00e4ufig beobachtete Vogelart. Sie h\u00e4lt sich meist im K\u00fcstenbereich auf. Die Silberm\u00f6we ist nicht nur sehr anpassungsf\u00e4hig, sondern auch ihre Nahrung ist vielf\u00e4ltig. Dazu geh\u00f6ren kleine Tiere, Fische, menschliche Essensreste und Abf\u00e4lle. Sie nistet an der K\u00fcste, unter anderem in den Felsklippen der Cinque Terre. Auch wenn sie von vielen als st\u00f6rend empfunden wird, ist sie ein wichtiger Teil des \u00d6kosystems.&nbsp;<\/p>\n\n\n\n<figure class=\"wp-block-image size-full\"><img loading=\"lazy\" decoding=\"async\" width=\"231\" height=\"199\" src=\"https:\/\/projektwoche25.publicraft.ch\/wp-content\/uploads\/2025\/05\/image-2.png\" alt=\"\" class=\"wp-image-242\"\/><\/figure>\n\n\n\n<p>2.<strong>Goldstrieme<\/strong>\u00a0<\/p>\n\n\n\n<p>Die Goldstrieme ist h\u00e4ufig in den Gew\u00e4ssern der Cinque Terre anzutreffen. Sie lebt k\u00fcstennah, vor allem in felsigen Gebieten und Seegraswiesen. Durch den Schutz des Meeresgebiets ist der Fisch hier besonders zahlreich vertreten. Er wird jedoch eher selten gefischt, da sein Fleisch \u2013 je nach Nahrung \u2013 Halluzinationen ausl\u00f6sen kann<\/p>\n\n\n\n<figure class=\"wp-block-image size-full\"><img loading=\"lazy\" decoding=\"async\" width=\"256\" height=\"171\" src=\"https:\/\/projektwoche25.publicraft.ch\/wp-content\/uploads\/2025\/05\/image-3.png\" alt=\"\" class=\"wp-image-243\"\/><\/figure>\n\n\n\n<p>.\u00a0<\/p>\n\n\n\n<p>3.<strong>Mur\u00e4ne<\/strong>\u00a0<\/p>\n\n\n\n<p>Die Mur\u00e4ne ist ein nachtaktiver Fisch, der sich tags\u00fcber in Felsspalten und H\u00f6hlen versteckt. Von dort aus geht sie nachts mit ihrem ausgepr\u00e4gten Geruchssinn auf Jagd. Mur\u00e4nen sind dem Menschen gegen\u00fcber meist scheu und schwer zu entdecken, k\u00f6nnen aber zubei\u00dfen, wenn sie sich bedroht f\u00fchlen. F\u00fcr das \u00d6kosystem ist die Mur\u00e4ne ein wichtiger R\u00e4uber, der zur Balance im Nahrungsnetz beitr\u00e4gt.&nbsp;<\/p>\n\n\n\n<figure class=\"wp-block-image size-full\"><img loading=\"lazy\" decoding=\"async\" width=\"256\" height=\"256\" src=\"https:\/\/projektwoche25.publicraft.ch\/wp-content\/uploads\/2025\/05\/image-4.png\" alt=\"\" class=\"wp-image-244\" srcset=\"https:\/\/projektwoche25.publicraft.ch\/wp-content\/uploads\/2025\/05\/image-4.png 256w, https:\/\/projektwoche25.publicraft.ch\/wp-content\/uploads\/2025\/05\/image-4-150x150.png 150w, https:\/\/projektwoche25.publicraft.ch\/wp-content\/uploads\/2025\/05\/image-4-100x100.png 100w\" sizes=\"auto, (max-width: 256px) 100vw, 256px\" \/><\/figure>\n\n\n\n<p>4.<strong>Blaue Napfschnecke<\/strong>\u00a0<\/p>\n\n\n\n<p>Die Blaue Napfschnecke (Patella caerulea) lebt an den felsigen K\u00fcsten der Cinque Terre und ern\u00e4hrt sich haupts\u00e4chlich von Algen. Dadurch tr\u00e4gt sie zur Regulierung des Algenwachstums bei und gilt als wichtiger Bioindikator f\u00fcr die Wasserqualit\u00e4t. Zwar wird sie traditionell gegessen, doch im Meeresschutzgebiet ist das Sammeln streng geregelt oder verboten.&nbsp;<\/p>\n\n\n\n<figure class=\"wp-block-image size-full\"><img loading=\"lazy\" decoding=\"async\" width=\"253\" height=\"248\" src=\"https:\/\/projektwoche25.publicraft.ch\/wp-content\/uploads\/2025\/05\/image-5.png\" alt=\"\" class=\"wp-image-245\"\/><\/figure>\n\n\n\n<p>5.<strong>Mittelmeer-Mauergecko<\/strong>\u00a0<\/p>\n\n\n\n<p>Der Mittelmeer-Mauergecko (Tarentola mauritanica) ist im Mittelmeerraum weit verbreitet. In den Cinque Terre findet man ihn an Klippen, Steinmauern und Ruinen. Er ist nachtaktiv und jagt vor allem Insekten. Damit ist er auch f\u00fcr den Menschen n\u00fctzlich, denn er hilft dabei, Plagegeister wie M\u00fccken in Schach zu halten.&nbsp;<\/p>\n\n\n\n<figure class=\"wp-block-image size-full\"><img loading=\"lazy\" decoding=\"async\" width=\"341\" height=\"256\" src=\"https:\/\/projektwoche25.publicraft.ch\/wp-content\/uploads\/2025\/05\/image-6.png\" alt=\"\" class=\"wp-image-246\" srcset=\"https:\/\/projektwoche25.publicraft.ch\/wp-content\/uploads\/2025\/05\/image-6.png 341w, https:\/\/projektwoche25.publicraft.ch\/wp-content\/uploads\/2025\/05\/image-6-300x225.png 300w\" sizes=\"auto, (max-width: 341px) 100vw, 341px\" \/><\/figure>\n\n\n\n<p><strong>Klimawandel und seine Auswirkungen\u00a0<\/strong><\/p>\n\n\n\n<p>Der Klimawandel wird zunehmend zu einer Bedrohung f\u00fcr die Cinque Terre. Steigende Temperaturen, ver\u00e4nderte Niederschlagsmuster und h\u00e4ufigere Extremwetterereignisse f\u00fchren zu Erosion, dem Verlust von Biodiversit\u00e4t und zu tiefgreifenden Ver\u00e4nderungen in den marinen \u00d6kosystemen. Besonders betroffen sind Pflanzenarten wie Posidonia oceanica und Ericaria amentacea, deren Lebensr\u00e4ume zunehmend schrumpfen. Auch die Fischbest\u00e4nde sind durch den Klimawandel gef\u00e4hrdet.&nbsp;<\/p>\n\n\n\n<p><strong>Schutz der Tiere\u00a0<\/strong><\/p>\n\n\n\n<p>Der Nationalpark Cinque Terre engagiert sich stark f\u00fcr den Schutz der Tierwelt, insbesondere weil viele Arten vom Klimawandel betroffen sind. Der Park gilt als Vorreiter bei der Entwicklung von Systemen zur Beobachtung und \u00dcberwachung von Lebewesen in Gew\u00e4ssern und feuchten Lebensr\u00e4umen.&nbsp;<\/p>\n\n\n\n<p><\/p>\n\n\n\n<p><strong>Quellen<\/strong><\/p>\n\n\n\n<p><a href=\"https:\/\/www.einrichtungsbeispiele.de\/artikel\/begriffe-erklaert--was-ist-das-litoral_aid6670.html\">https:\/\/www.einrichtungsbeispiele.de\/artikel\/begriffe-erklaert&#8211;was-ist-das-litoral_aid6670.html<\/a><\/p>\n\n\n\n<p><a href=\"https:\/\/www.spektrum.de\/lexikon\/biologie\/litoral\/39674\">https:\/\/www.spektrum.de\/lexikon\/biologie\/litoral\/39674<\/a><\/p>\n\n\n\n<p><a href=\"https:\/\/www.iberostar.com\/de\/inspiration-guide\/responsible-tourism\/neptungras-im-mittelmeer\/#:~:text=Der%20Begriff%20Posidonia%20oceanica%2C%20oder,sich%20klar%20von%20Algen%20ab.\">https:\/\/www.iberostar.com\/de\/inspiration-guide\/responsible-tourism\/neptungras-im-mittelmeer\/#:~:text=Der%20Begriff%20Posidonia%20oceanica%2C%20oder,sich%20klar%20von%20Algen%20ab.<\/a><\/p>\n\n\n\n<p><a href=\"https:\/\/www.algaebase.org\/search\/species\/detail\/?species_id=177545\">https:\/\/www.algaebase.org\/search\/species\/detail\/?species_id=177545<\/a><\/p>\n\n\n\n<p><a href=\"https:\/\/de.wikipedia.org\/wiki\/Mauergecko\">https:\/\/de.wikipedia.org\/wiki\/Mauergecko<\/a><\/p>\n\n\n\n<p><a href=\"https:\/\/de.wikipedia.org\/wiki\/Goldstrieme\">https:\/\/de.wikipedia.org\/wiki\/Goldstrieme<\/a><\/p>\n\n\n\n<p><a href=\"https:\/\/de.wikipedia.org\/wiki\/Silberm%C3%B6we\">https:\/\/de.wikipedia.org\/wiki\/Silberm%C3%B6we<\/a><\/p>\n","protected":false},"excerpt":{"rendered":"<p>Was ist das Litoral? Das Litoral umfasst die Grenze zwischen einem Gew\u00e4sser und Land. Es umfasst alles, was bei Flut durchn\u00e4sst ist und wo noch die Lichtstrahlen der Sonne den Boden ber\u00fchren. Hier treffen Lebewesen aus Wasser und Land aufeinander und erschaffen eine grosse Vielfalt.&nbsp; Der Nationalpark Cinque Terre Der kleinste Nationalpark Italiens erstreckt sich [&hellip;]<\/p>\n","protected":false},"author":1,"featured_media":0,"parent":13,"menu_order":0,"comment_status":"closed","ping_status":"closed","template":"","meta":{"footnotes":""},"class_list":["post-21","page","type-page","status-publish","hentry"],"yoast_head":"<!-- This site is optimized with the Yoast SEO plugin v26.9 - https:\/\/yoast.com\/product\/yoast-seo-wordpress\/ -->\n<title>Das Litoral und seine Meeres-Flora und Meeres-Fauna - Projektwoche 25<\/title>\n<meta name=\"robots\" content=\"noindex, follow, max-snippet:-1, max-image-preview:large, max-video-preview:-1\" \/>\n<meta property=\"og:locale\" content=\"de_DE\" \/>\n<meta property=\"og:type\" content=\"article\" \/>\n<meta property=\"og:title\" content=\"Das Litoral und seine Meeres-Flora und Meeres-Fauna - Projektwoche 25\" \/>\n<meta property=\"og:description\" content=\"Was ist das Litoral? Das Litoral umfasst die Grenze zwischen einem Gew\u00e4sser und Land. Es umfasst alles, was bei Flut durchn\u00e4sst ist und wo noch die Lichtstrahlen der Sonne den Boden ber\u00fchren. Hier treffen Lebewesen aus Wasser und Land aufeinander und erschaffen eine grosse Vielfalt.&nbsp; Der Nationalpark Cinque Terre Der kleinste Nationalpark Italiens erstreckt sich [&hellip;]\" \/>\n<meta property=\"og:url\" content=\"https:\/\/projektwoche25.publicraft.ch\/?page_id=21\" \/>\n<meta property=\"og:site_name\" content=\"Projektwoche 25\" \/>\n<meta property=\"article:modified_time\" content=\"2025-05-25T00:11:42+00:00\" \/>\n<meta property=\"og:image\" content=\"https:\/\/projektwoche25.publicraft.ch\/wp-content\/uploads\/2025\/05\/image-2.png\" \/>\n\t<meta property=\"og:image:width\" content=\"231\" \/>\n\t<meta property=\"og:image:height\" content=\"199\" \/>\n\t<meta property=\"og:image:type\" content=\"image\/png\" \/>\n<meta name=\"twitter:card\" content=\"summary_large_image\" \/>\n<meta name=\"twitter:label1\" content=\"Gesch\u00e4tzte Lesezeit\" \/>\n\t<meta name=\"twitter:data1\" content=\"7\u00a0Minuten\" \/>\n<script type=\"application\/ld+json\" class=\"yoast-schema-graph\">{\"@context\":\"https:\/\/schema.org\",\"@graph\":[{\"@type\":\"WebPage\",\"@id\":\"https:\/\/projektwoche25.publicraft.ch\/?page_id=21\",\"url\":\"https:\/\/projektwoche25.publicraft.ch\/?page_id=21\",\"name\":\"Das Litoral und seine Meeres-Flora und Meeres-Fauna - Projektwoche 25\",\"isPartOf\":{\"@id\":\"https:\/\/projektwoche25.publicraft.ch\/#website\"},\"primaryImageOfPage\":{\"@id\":\"https:\/\/projektwoche25.publicraft.ch\/?page_id=21#primaryimage\"},\"image\":{\"@id\":\"https:\/\/projektwoche25.publicraft.ch\/?page_id=21#primaryimage\"},\"thumbnailUrl\":\"https:\/\/projektwoche25.publicraft.ch\/wp-content\/uploads\/2025\/05\/image-2.png\",\"datePublished\":\"2024-11-27T15:47:20+00:00\",\"dateModified\":\"2025-05-25T00:11:42+00:00\",\"breadcrumb\":{\"@id\":\"https:\/\/projektwoche25.publicraft.ch\/?page_id=21#breadcrumb\"},\"inLanguage\":\"de\",\"potentialAction\":[{\"@type\":\"ReadAction\",\"target\":[\"https:\/\/projektwoche25.publicraft.ch\/?page_id=21\"]}]},{\"@type\":\"ImageObject\",\"inLanguage\":\"de\",\"@id\":\"https:\/\/projektwoche25.publicraft.ch\/?page_id=21#primaryimage\",\"url\":\"https:\/\/projektwoche25.publicraft.ch\/wp-content\/uploads\/2025\/05\/image-2.png\",\"contentUrl\":\"https:\/\/projektwoche25.publicraft.ch\/wp-content\/uploads\/2025\/05\/image-2.png\",\"width\":231,\"height\":199},{\"@type\":\"BreadcrumbList\",\"@id\":\"https:\/\/projektwoche25.publicraft.ch\/?page_id=21#breadcrumb\",\"itemListElement\":[{\"@type\":\"ListItem\",\"position\":1,\"name\":\"Startseite\",\"item\":\"https:\/\/projektwoche25.publicraft.ch\/\"},{\"@type\":\"ListItem\",\"position\":2,\"name\":\"Vortr\u00e4ge\",\"item\":\"https:\/\/projektwoche25.publicraft.ch\/?page_id=13\"},{\"@type\":\"ListItem\",\"position\":3,\"name\":\"Das Litoral und seine Meeres-Flora und Meeres-Fauna\"}]},{\"@type\":\"WebSite\",\"@id\":\"https:\/\/projektwoche25.publicraft.ch\/#website\",\"url\":\"https:\/\/projektwoche25.publicraft.ch\/\",\"name\":\"Projektwoche 25\",\"description\":\"Schwerpunktfach Biologie und Chemie\",\"potentialAction\":[{\"@type\":\"SearchAction\",\"target\":{\"@type\":\"EntryPoint\",\"urlTemplate\":\"https:\/\/projektwoche25.publicraft.ch\/?s={search_term_string}\"},\"query-input\":{\"@type\":\"PropertyValueSpecification\",\"valueRequired\":true,\"valueName\":\"search_term_string\"}}],\"inLanguage\":\"de\"}]}<\/script>\n<!-- \/ Yoast SEO plugin. -->","yoast_head_json":{"title":"Das Litoral und seine Meeres-Flora und Meeres-Fauna - Projektwoche 25","robots":{"index":"noindex","follow":"follow","max-snippet":"max-snippet:-1","max-image-preview":"max-image-preview:large","max-video-preview":"max-video-preview:-1"},"og_locale":"de_DE","og_type":"article","og_title":"Das Litoral und seine Meeres-Flora und Meeres-Fauna - Projektwoche 25","og_description":"Was ist das Litoral? Das Litoral umfasst die Grenze zwischen einem Gew\u00e4sser und Land. Es umfasst alles, was bei Flut durchn\u00e4sst ist und wo noch die Lichtstrahlen der Sonne den Boden ber\u00fchren. Hier treffen Lebewesen aus Wasser und Land aufeinander und erschaffen eine grosse Vielfalt.&nbsp; Der Nationalpark Cinque Terre Der kleinste Nationalpark Italiens erstreckt sich [&hellip;]","og_url":"https:\/\/projektwoche25.publicraft.ch\/?page_id=21","og_site_name":"Projektwoche 25","article_modified_time":"2025-05-25T00:11:42+00:00","og_image":[{"width":231,"height":199,"url":"https:\/\/projektwoche25.publicraft.ch\/wp-content\/uploads\/2025\/05\/image-2.png","type":"image\/png"}],"twitter_card":"summary_large_image","twitter_misc":{"Gesch\u00e4tzte Lesezeit":"7\u00a0Minuten"},"schema":{"@context":"https:\/\/schema.org","@graph":[{"@type":"WebPage","@id":"https:\/\/projektwoche25.publicraft.ch\/?page_id=21","url":"https:\/\/projektwoche25.publicraft.ch\/?page_id=21","name":"Das Litoral und seine Meeres-Flora und Meeres-Fauna - Projektwoche 25","isPartOf":{"@id":"https:\/\/projektwoche25.publicraft.ch\/#website"},"primaryImageOfPage":{"@id":"https:\/\/projektwoche25.publicraft.ch\/?page_id=21#primaryimage"},"image":{"@id":"https:\/\/projektwoche25.publicraft.ch\/?page_id=21#primaryimage"},"thumbnailUrl":"https:\/\/projektwoche25.publicraft.ch\/wp-content\/uploads\/2025\/05\/image-2.png","datePublished":"2024-11-27T15:47:20+00:00","dateModified":"2025-05-25T00:11:42+00:00","breadcrumb":{"@id":"https:\/\/projektwoche25.publicraft.ch\/?page_id=21#breadcrumb"},"inLanguage":"de","potentialAction":[{"@type":"ReadAction","target":["https:\/\/projektwoche25.publicraft.ch\/?page_id=21"]}]},{"@type":"ImageObject","inLanguage":"de","@id":"https:\/\/projektwoche25.publicraft.ch\/?page_id=21#primaryimage","url":"https:\/\/projektwoche25.publicraft.ch\/wp-content\/uploads\/2025\/05\/image-2.png","contentUrl":"https:\/\/projektwoche25.publicraft.ch\/wp-content\/uploads\/2025\/05\/image-2.png","width":231,"height":199},{"@type":"BreadcrumbList","@id":"https:\/\/projektwoche25.publicraft.ch\/?page_id=21#breadcrumb","itemListElement":[{"@type":"ListItem","position":1,"name":"Startseite","item":"https:\/\/projektwoche25.publicraft.ch\/"},{"@type":"ListItem","position":2,"name":"Vortr\u00e4ge","item":"https:\/\/projektwoche25.publicraft.ch\/?page_id=13"},{"@type":"ListItem","position":3,"name":"Das Litoral und seine Meeres-Flora und Meeres-Fauna"}]},{"@type":"WebSite","@id":"https:\/\/projektwoche25.publicraft.ch\/#website","url":"https:\/\/projektwoche25.publicraft.ch\/","name":"Projektwoche 25","description":"Schwerpunktfach Biologie und Chemie","potentialAction":[{"@type":"SearchAction","target":{"@type":"EntryPoint","urlTemplate":"https:\/\/projektwoche25.publicraft.ch\/?s={search_term_string}"},"query-input":{"@type":"PropertyValueSpecification","valueRequired":true,"valueName":"search_term_string"}}],"inLanguage":"de"}]}},"_links":{"self":[{"href":"https:\/\/projektwoche25.publicraft.ch\/index.php?rest_route=\/wp\/v2\/pages\/21","targetHints":{"allow":["GET"]}}],"collection":[{"href":"https:\/\/projektwoche25.publicraft.ch\/index.php?rest_route=\/wp\/v2\/pages"}],"about":[{"href":"https:\/\/projektwoche25.publicraft.ch\/index.php?rest_route=\/wp\/v2\/types\/page"}],"author":[{"embeddable":true,"href":"https:\/\/projektwoche25.publicraft.ch\/index.php?rest_route=\/wp\/v2\/users\/1"}],"replies":[{"embeddable":true,"href":"https:\/\/projektwoche25.publicraft.ch\/index.php?rest_route=%2Fwp%2Fv2%2Fcomments&post=21"}],"version-history":[{"count":6,"href":"https:\/\/projektwoche25.publicraft.ch\/index.php?rest_route=\/wp\/v2\/pages\/21\/revisions"}],"predecessor-version":[{"id":247,"href":"https:\/\/projektwoche25.publicraft.ch\/index.php?rest_route=\/wp\/v2\/pages\/21\/revisions\/247"}],"up":[{"embeddable":true,"href":"https:\/\/projektwoche25.publicraft.ch\/index.php?rest_route=\/wp\/v2\/pages\/13"}],"wp:attachment":[{"href":"https:\/\/projektwoche25.publicraft.ch\/index.php?rest_route=%2Fwp%2Fv2%2Fmedia&parent=21"}],"curies":[{"name":"wp","href":"https:\/\/api.w.org\/{rel}","templated":true}]}}